t of 55459621?
2
What is the hundred thousands digit of 9829491?
8
What is the ten millions digit of 210306730?
1
What is the units digit of 33903864?
4
What is the units digit of 3104576427?
7
What is the tens digit of 171249930?
3
What is the ten millions digit of 13684930?
1
What is the units digit of 273533990?
0
What is the units digit of 1906062?
2
What is the thousands digit of 564966654?
6
What is the millions digit of 1387613512?
7
What is the ten thousands digit of 89626699?
2
What is the hundred millions digit of 527395346?
5
What is the ten millions digit of 13528354?
1
What is the ten millions digit of 4618946032?
1
What is the ten thousands digit of 289343?
8
What is the units digit of 26195409?
9
What is the tens digit of 20113685?
8
What is the units digit of 20476188?
8
What is the hundred thousands digit of 165998993?
9
What is the hundred millions digit of 4139364837?
1
What is the hundreds digit of 61760419?
4
What is the hundreds digit of 1106387845?
8
What is the millions digit of 226919794?
6
What is the millions digit of 27540901?
7
What is the units digit of 1739724075?
5
What is the hundred millions digit of 5419618707?
4
What is the hundred millions digit of 355778973?
3
What is the ten millions digit of 10762121?
1
What is the millions digit of 815022216?
5
What is the units digit of 614886253?
3
What is the billions digit of 4765334411?
4
What is the hundreds digit of 47177401?
4
What is the thousands digit of 1849842635?
2
What is the thousands digit of 6934025?
4
What is the millions digit of 54258329?
4
What is the thousands digit of 368104628?
4
What is the millions digit of 3032905965?
2
What is the tens digit of 109206867?
6
What is the ten thousands digit of 9948110?
4
What is the units digit of 17752947?
7
What is the millions digit of 106518418?
6
What is the millions digit of 77027966?
7
What is the tens digit of 835970219?
1
What is the hundreds digit of 3521243925?
9
What is the tens digit of 2073777?
7
What is the billions digit of 1445581488?
1
What is the units digit of 40955956?
6
What is the units digit of 108100320?
0
What is the millions digit of 181616181?
1
What is the thousands digit of 25543896?
3
What is the hundred thousands digit of 486791606?
7
What is the ten thousands digit of 4219017215?
1
What is the units digit of 155026615?
5
What is the ten millions digit of 1161964347?
6
What is the hundred thousands digit of 49526348?
5
What is the tens digit of 3386394051?
5
What is the millions digit of 88120509?
8
What is the hundreds digit of 172528681?
6
What is the ten thousands digit of 16196992?
9
What is the ten thousands digit of 1505001664?
0
What is the hundred millions digit of 177227917?
1
What is the hundreds digit of 224510105?
1
What is the hundred millions digit of 135260993?
1
What is the hundred thousands digit of 6300094467?
0
What is the hundred thousands digit of 1061791926?
7
What is the units digit of 39485608?
8
What is the hundreds digit of 1553154787?
7
What is the millions digit of 69790368?
9
What is the ten millions digit of 43009475?
4
What is the thousands digit of 137409814?
9
What is the ten thousands digit of 8581335?
8
What is the ten thousands digit of 1330373891?
7
What is the units digit of 2664008538?
8
What is the hundreds digit of 155474975?
9
What is the ten thousands digit of 90668403?
6
What is the ten millions digit of 382981254?
8
What is the ten millions digit of 352032175?
5
What is the tens digit of 595498154?
5
What is the hundred millions digit of 7412013617?
4
What is the ten thousands digit of 382261380?
6
What is the ten thousands digit of 152400256?
0
What is the tens digit of 54073056?
5
What is the hundreds digit of 256584407?
4
What is the hundred millions digit of 210560849?
2
What is the thousands digit of 105553013?
3
What is the hundreds digit of 2745649082?
0
What is the ten thousands digit of 52196513?
9
What is the hundred millions digit of 828355255?
8
What is the tens digit of 434908?
0
What is the hundred thousands digit of 510378002?
3
What is the ten millions digit of 28285950?
2
What is the ten thousands digit of 8941696?
4
What is the units digit of 1676958?
8
What is the ten millions digit of 60479009?
6
What is the ten thousands digit of 324146359?
4
What is the ten thousands digit of 1936079278?
7
What is the ten thousands digit of 128727453?
2
What is the ten millions digit of 359862138?
5
What is the ten millions digit of 595071182?
9
What is the hundreds digit of 11544862?
8
What is the tens digit of 47577835?
3
What is the hundreds digit of 3941690426?
4
What is the units digit of 805082969?
9
What is the units digit of 23038669?
9
What is the hundred thousands digit of 313876442?
8
What is the units digit of 503790202?
2
What is the ten thousands digit of 890414005?
1
What is the thousands digit of 428402560?
2
What is the tens digit of 270678294?
9
What is the hundred millions digit of 296878192?
2
What is the thousands digit of 1414063765?
3
What is the tens digit of 441927428?
2
What is the tens digit of 510814465?
6
What is the hundreds digit of 34349697?
6
What is the units digit of 60917944?
4
What is the tens digit of 68036563?
6
What is the ten millions digit of 340743677?
4
What is the tens digit of 1467476115?
1
What is the millions digit of 154672411?
4
What is the tens digit of 4584238917?
1
What is the thousands digit of 531964526?
4
What is the ten millions digit of 23689151?
2
What is the ten millions digit of 38435785?
3
What is the units digit of 21683355?
5
What is the tens digit of 1327722667?
6
What is the hundred thousands digit of 1534861397?
8
What is the hundred millions digit of 2973285502?
9
What is the tens digit of 292215133?
3
What is the units digit of 150287229?
9
What is the hundred thousands digit of 1063921911?
9
What is the units digit of 470412125?
5
What is the tens digit of 18591046?
4
What is the millions digit of 116935561?
6
What is the hundred thousands digit of 941912836?
9
What is the hundreds digit of 58222330?
3
What is the units digit of 105111633?
3
What is the ten millions digit of 1482531965?
8
What is the thousands digit of 577600437?
0
What is the units digit of 13655241?
1
What is the hundreds digit of 200051053?
0
What is the ten thousands digit of 91769652?
6
What is the tens digit of 167550976?
7
What is the hundred millions digit of 8077290501?
0
What is the units digit of 138922657?
7
What is the ten millions digit of 840657348?
4
What is the ten thousands digit of 1991346998?
4
What is the ten millions digit of 1998689171?
9
What is the units digit of 36664812?
2
What is the hundreds digit of 88309269?
2
What is the hundreds digit of 3210132814?
8
What is the thousands digit of 28221485?
1
What is the hundred thousands digit of 86165814?
1
What is the tens digit of 29712039?
3
What is the ten millions digit of 1800944024?
0
What is the tens digit of 2249981738?
3
What is the millions digit of 22330635?
2
What is the thousands digit of 48210546?
0
What is the hundred thousands digit of 1306316542?
3
What is the hundred thousands digit of 2582407344?
4
What is the units digit of 9031037999?
9
What is the hundreds digit of 28570615?
6
What is the hundreds digit of 43320954?
9
What is the units digit of 1785882006?
6
What is the hundreds digit of 296276569?
5
What is the ten thousands digit of 762923112?
2
What is the millions digit of 69416418?
9
What is the tens digit of 53704175?
7
What is the hundred thousands digit of 42422676?
4
What is the thousands digit of 2765914554?
4
What is the thousands digit of 56277230?
7
What is the thousands digit of 183705703?
5
What is the millions digit of 5382184?
5
What is the units digit of 3982083575?
5
What is the thousands digit of 155961381?
1
What is the hundreds digit of 226574519?
5
What is the ten millions digit of 897050393?
9
What is the tens digit of 5646827902?
0
What is the hundred millions digit of 226855841?
2
What is the units digit of 194887667?
7
What is the hundred millions digit of 192306809?
1
What is the ten thousands digit of 2387164?
8
What is the millions digit of 103877892?
3
What is the tens digit of 16047098?
9
What is the ten thousands digit of 81709991?
0
What is the hundreds digit of 15